{"id":1237,"date":"2016-11-11T03:53:51","date_gmt":"2016-11-11T03:53:51","guid":{"rendered":"http:\/\/localhost\/architect\/?page_id=44"},"modified":"2025-01-16T23:15:51","modified_gmt":"2025-01-16T20:15:51","slug":"ana-sayfa","status":"publish","type":"page","link":"https:\/\/uclerdekorasyon.com\/","title":{"rendered":"Ana Sayfa"},"content":{"rendered":"<div class=\"wpb-content-wrapper\"><p>[vc_row][vc_column][rev_slider_vc alias=&#8221;slider2&#8243; el_class=&#8221;slider_h1&#8243;][\/vc_column][\/vc_row][vc_row el_class=&#8221;padding&#8221;][vc_column]\n  <h2 class= \"title\" style=\"text-align: center;\" > NELER YAPIYORUZ?<\/h2> \n\n    <div class=\"divider divider-1\" >\n      <svg class=\"svg-triangle-icon-container\">\n        <polygon class=\"svg-triangle-icon\" points=\"6 11,12 0,0 0\"><\/polygon>\n      <\/svg>\n    <\/div>\n[\/vc_column][vc_column]        <div class=\"row\">\n                <div class=\"col-md-6\">\n          <div class=\"block-img-left\">\n            <div class=\"img-block\"><img loading=\"lazy\" decoding=\"async\" width=\"420\" height=\"239\" src=\"https:\/\/uclerdekorasyon.com\/wp-content\/uploads\/2025\/01\/UclerDekorasyon-Mutfak.jpg\" class=\"img-responsive wp-post-image\" alt=\"\" srcset=\"https:\/\/uclerdekorasyon.com\/wp-content\/uploads\/2025\/01\/UclerDekorasyon-Mutfak.jpg 420w, https:\/\/uclerdekorasyon.com\/wp-content\/uploads\/2025\/01\/UclerDekorasyon-Mutfak-300x171.jpg 300w\" sizes=\"auto, (max-width: 420px) 100vw, 420px\" \/><\/div>\n            <div class=\"text-box\">\n              <h4 class=\"text-cap\">Mutfak Dolab\u0131<\/h4>\n              <p>Kaliteli i\u015f\u00e7ilik ve uygun fiyatlarla mutfaklar\u0131n\u0131z\u0131 yeniden tasarl\u0131yoruz<\/p>\n                          <\/div>\n          <\/div>\n        <\/div>\n                <div class=\"col-md-6\">\n          <div class=\"block-img-right\">\n            <div class=\"img-block\"><img loading=\"lazy\" decoding=\"async\" width=\"420\" height=\"242\" src=\"https:\/\/uclerdekorasyon.com\/wp-content\/uploads\/2025\/01\/UclerDekorasyon-Lmaminant.jpg\" class=\"img-responsive wp-post-image\" alt=\"\" srcset=\"https:\/\/uclerdekorasyon.com\/wp-content\/uploads\/2025\/01\/UclerDekorasyon-Lmaminant.jpg 420w, https:\/\/uclerdekorasyon.com\/wp-content\/uploads\/2025\/01\/UclerDekorasyon-Lmaminant-300x173.jpg 300w\" sizes=\"auto, (max-width: 420px) 100vw, 420px\" \/><\/div>\n            <div class=\"text-box\">\n              <h4 class=\"text-cap\">Laminat Parke<\/h4>\n              <p>Dayan\u0131kl\u0131 ve estetik laminat parke \u00e7\u00f6z\u00fcmleriyle hizmetinizdeyiz<\/p>\n                          <\/div>\n          <\/div>\n        <\/div>\n                <div class=\"col-md-6\">\n          <div class=\"block-img-left\">\n            <div class=\"img-block\"><img loading=\"lazy\" decoding=\"async\" width=\"420\" height=\"239\" src=\"https:\/\/uclerdekorasyon.com\/wp-content\/uploads\/2025\/01\/UclerDekorasyon-boya.jpg\" class=\"img-responsive wp-post-image\" alt=\"\" srcset=\"https:\/\/uclerdekorasyon.com\/wp-content\/uploads\/2025\/01\/UclerDekorasyon-boya.jpg 420w, https:\/\/uclerdekorasyon.com\/wp-content\/uploads\/2025\/01\/UclerDekorasyon-boya-300x171.jpg 300w\" sizes=\"auto, (max-width: 420px) 100vw, 420px\" \/><\/div>\n            <div class=\"text-box\">\n              <h4 class=\"text-cap\">Boya<\/h4>\n              <p>Profesyonel boya hizmetlerimizle kaliteyi fark edin!<\/p>\n                          <\/div>\n          <\/div>\n        <\/div>\n                <div class=\"col-md-6\">\n          <div class=\"block-img-right\">\n            <div class=\"img-block\"><img loading=\"lazy\" decoding=\"async\" width=\"420\" height=\"240\" src=\"https:\/\/uclerdekorasyon.com\/wp-content\/uploads\/2025\/01\/Alci-Siva.jpeg\" class=\"img-responsive wp-post-image\" alt=\"\" srcset=\"https:\/\/uclerdekorasyon.com\/wp-content\/uploads\/2025\/01\/Alci-Siva.jpeg 420w, https:\/\/uclerdekorasyon.com\/wp-content\/uploads\/2025\/01\/Alci-Siva-300x171.jpeg 300w\" sizes=\"auto, (max-width: 420px) 100vw, 420px\" \/><\/div>\n            <div class=\"text-box\">\n              <h4 class=\"text-cap\">Al\u00e7\u0131 S\u0131va<\/h4>\n              <p>Uygun fiyatlar ve \u00fcst\u00fcn hizmet kalitesiyle yan\u0131n\u0131zday\u0131z<\/p>\n                          <\/div>\n          <\/div>\n        <\/div>\n                <div class=\"col-md-6\">\n          <div class=\"block-img-left\">\n            <div class=\"img-block\"><img loading=\"lazy\" decoding=\"async\" width=\"420\" height=\"242\" src=\"https:\/\/uclerdekorasyon.com\/wp-content\/uploads\/2025\/01\/UclerDekorasyon-33.jpg\" class=\"img-responsive wp-post-image\" alt=\"\" srcset=\"https:\/\/uclerdekorasyon.com\/wp-content\/uploads\/2025\/01\/UclerDekorasyon-33.jpg 420w, https:\/\/uclerdekorasyon.com\/wp-content\/uploads\/2025\/01\/UclerDekorasyon-33-300x173.jpg 300w\" sizes=\"auto, (max-width: 420px) 100vw, 420px\" \/><\/div>\n            <div class=\"text-box\">\n              <h4 class=\"text-cap\">Elektrik \u0130\u015fleri<\/h4>\n              <p>Elektrik i\u015flerinizde g\u00fcvenilir bir \u00e7\u00f6z\u00fcm orta\u011f\u0131<\/p>\n                          <\/div>\n          <\/div>\n        <\/div>\n                <div class=\"col-md-6\">\n          <div class=\"block-img-right\">\n            <div class=\"img-block\"><img loading=\"lazy\" decoding=\"async\" width=\"420\" height=\"234\" src=\"https:\/\/uclerdekorasyon.com\/wp-content\/uploads\/2025\/01\/UclerDekorasyon-34-2.jpg\" class=\"img-responsive wp-post-image\" alt=\"\" srcset=\"https:\/\/uclerdekorasyon.com\/wp-content\/uploads\/2025\/01\/UclerDekorasyon-34-2.jpg 420w, https:\/\/uclerdekorasyon.com\/wp-content\/uploads\/2025\/01\/UclerDekorasyon-34-2-300x167.jpg 300w\" sizes=\"auto, (max-width: 420px) 100vw, 420px\" \/><\/div>\n            <div class=\"text-box\">\n              <h4 class=\"text-cap\">Gergi Tavan<\/h4>\n              <p>Profesyonel gergi tavan hizmetlerimizle hayalinizdeki g\u00f6r\u00fcn\u00fcm\u00fc ger\u00e7e\u011fe d\u00f6n\u00fc\u015ft\u00fcr\u00fcn<\/p>\n                          <\/div>\n          <\/div>\n        <\/div>\n              <\/div>\n    [\/vc_column][\/vc_row][vc_row fullwidth=&#8221;yes&#8221;][vc_column][vc_row_inner css=&#8221;.vc_custom_1481529244901{margin-right: 0px !important;margin-left: 0px !important;}&#8221;][vc_column_inner width=&#8221;1\/3&#8243; css=&#8221;.vc_custom_1481528536387{padding-right: 0px !important;padding-left: 0px !important;}&#8221;]        <div class=\"promotion-box\">\n      <figure class=\"effect-layla\">\n        <img decoding=\"async\" src=\"https:\/\/uclerdekorasyon.com\/wp-content\/uploads\/2016\/11\/1-22.jpg\" alt=\"img06\"\/>\n        <figcaption>\n          <h3 class=\"text-cap white-text\">EV\u0130N\u0130Z \u0130\u00c7\u0130N \u015eIK TASARIM<\/h3>\n          <p>Eviniz i\u00e7in Mimar ve M\u00fcttehitler ile Tasar\u0131m ve D\u00fczenlemeler Sunuyoruz.<\/p>\n          <a data-gal=\"m_PageScroll2id\" data-ps2id-offset=\"78\" class=\"ot-btn btn-main-color text-cap\" href=\"http:\/\/uclerdekorasyon.com\/index.php\/iletisim\/\" title=\"\u0130leti\u015fim\" target=\"_self\">\u0130leti\u015fim<\/a>        <\/figcaption>     \n      <\/figure>\n    <\/div>\n    [\/vc_column_inner][vc_column_inner width=&#8221;1\/3&#8243; css=&#8221;.vc_custom_1481528563017{padding-right: 0px !important;padding-left: 0px !important;}&#8221;]        <div class=\"promotion-box\">\n      <figure class=\"effect-layla\">\n        <img decoding=\"async\" src=\"https:\/\/uclerdekorasyon.com\/wp-content\/uploads\/2025\/01\/UclerDekorasyon-14.jpg\" alt=\"img06\"\/>\n        <figcaption>\n          <h3 class=\"text-cap white-text\">SADE VE \u015eIK OFIS TASARIM<\/h3>\n          <p>Ofisleriniz i\u00e7in en uygun \u00e7\u00f6z\u00fcmler&#8230;<\/p>\n          <a data-gal=\"m_PageScroll2id\" data-ps2id-offset=\"78\" class=\"ot-btn btn-main-color text-cap\" href=\"http:\/\/uclerdekorasyon.com\/index.php\/hizmetlerimiz\/\" title=\"H\u0130ZMETLER\u0130M\u0130Z\" target=\"_self\">H\u0130ZMETLER\u0130M\u0130Z<\/a>        <\/figcaption>     \n      <\/figure>\n    <\/div>\n    [\/vc_column_inner][vc_column_inner width=&#8221;1\/3&#8243; css=&#8221;.vc_custom_1481528577852{padding-right: 0px !important;padding-left: 0px !important;}&#8221;]        <div class=\"promotion-box\">\n      <figure class=\"effect-layla\">\n        <img decoding=\"async\" src=\"https:\/\/uclerdekorasyon.com\/wp-content\/uploads\/2025\/01\/UclerDekorasyon-35.jpg\" alt=\"img06\"\/>\n        <figcaption>\n          <h3 class=\"text-cap white-text\">SORUNSUZ TAM\u0130RAT VE TAD\u0130LATLAR<\/h3>\n          <p>Ev ve \u0130\u015f Yerlerinizdeki Tamirat ve Tadilatlar\u0131 Sorunsuz bir \u015eekilde Teslim Ediyoruz.<\/p>\n          <a data-gal=\"m_PageScroll2id\" data-ps2id-offset=\"78\" class=\"ot-btn btn-main-color text-cap\" href=\"http:\/\/uclerdekorasyon.com\/index.php\/iletisim\/\" title=\"\u0130leti\u015fim\" target=\"_self\">\u0130leti\u015fim<\/a>        <\/figcaption>     \n      <\/figure>\n    <\/div>\n    [\/vc_column_inner][\/vc_row_inner][\/vc_column][\/vc_row][vc_row el_class=&#8221;padding&#8221;][vc_column]\n  <h2 class= \"title\" style=\"text-align: center;\" > PROJELER\u0130N\u0130Z\u0130 NASIL YAPIYORUZ?<\/h2> \n\n    <div class=\"divider divider-1\" >\n      <svg class=\"svg-triangle-icon-container\">\n        <polygon class=\"svg-triangle-icon\" points=\"6 11,12 0,0 0\"><\/polygon>\n      <\/svg>\n    <\/div>\n[\/vc_column][vc_column el_class=&#8221;chooseus-container text-center&#8221; css=&#8221;.vc_custom_1480473688032{padding-right: 0px !important;padding-left: 0px !important;}&#8221;]      <div class=\"chooseus-item\">\n      <h4 class=\"text-cap\">KE\u015e\u0130F - PROJELEND\u0130RME<\/h4>\n      <div class=\"chooseus-canvas-item\">\n       <svg class=\"svg-hexagon\">\n            <polygon class=\"hexagon\" points=\"285 100,285 250,155 325,25 250,25 100,155 25\"><\/polygon>\n        <\/svg>\n                  <!-- End Hexagon -->\n        <svg class=\"svg-triangle-dotted \"  >\n          <polygon class=\"triangle-div\" points=\"2 220,254 220,128 0\"><\/polygon>\n        <\/svg>\n        <!-- End Triangle Dotted -->\n        <div class=\"triangle-img-warp tri\">\n          <img decoding=\"async\" src=\"https:\/\/uclerdekorasyon.com\/wp-content\/uploads\/2016\/11\/11-5.jpg\" class=\"img-responsive\" alt=\"Image\">\n        <\/div>\n      <\/div>\n    <\/div>  \n          <div class=\"chooseus-item\">\n      <h4 class=\"text-cap\">TASARIM - SUNUM<\/h4>\n      <div class=\"chooseus-canvas-item\">\n       <svg class=\"svg-hexagon\">\n            <polygon class=\"hexagon\" points=\"285 100,285 250,155 325,25 250,25 100,155 25\"><\/polygon>\n        <\/svg>\n                  <!-- End Hexagon -->\n        <svg class=\"svg-triangle-dotted svg-tri-2\"  >\n          <polygon class=\"triangle-div\" points=\"2 220,254 220,128 0\"><\/polygon>\n        <\/svg>\n        <!-- End Triangle Dotted -->\n        <div class=\"triangle-img-warp tri2\">\n          <img decoding=\"async\" src=\"https:\/\/uclerdekorasyon.com\/wp-content\/uploads\/2016\/11\/UclerDekorasyon-6.jpg\" class=\"img-responsive\" alt=\"Image\">\n        <\/div>\n      <\/div>\n    <\/div>  \n          <div class=\"chooseus-item\">\n      <h4 class=\"text-cap\">PLANLAMA - BA\u015eLANGI\u00c7<\/h4>\n      <div class=\"chooseus-canvas-item\">\n       <svg class=\"svg-hexagon\">\n            <polygon class=\"hexagon\" points=\"285 100,285 250,155 325,25 250,25 100,155 25\"><\/polygon>\n        <\/svg>\n                  <!-- End Hexagon -->\n        <svg class=\"svg-triangle-dotted svg-tri-3\"  >\n          <polygon class=\"triangle-div\" points=\"2 220,254 220,128 0\"><\/polygon>\n        <\/svg>\n        <!-- End Triangle Dotted -->\n        <div class=\"triangle-img-warp tri3\">\n          <img decoding=\"async\" src=\"https:\/\/uclerdekorasyon.com\/wp-content\/uploads\/2025\/01\/UclerDekorasyon-16-1.jpg\" class=\"img-responsive\" alt=\"Image\">\n        <\/div>\n      <\/div>\n    <\/div>  \n          <div class=\"chooseus-item\">\n      <h4 class=\"text-cap\">\u0130\u015e TESL\u0130M\u0130<\/h4>\n      <div class=\"chooseus-canvas-item\">\n       <svg class=\"svg-hexagon\">\n            <polygon class=\"hexagon\" points=\"285 100,285 250,155 325,25 250,25 100,155 25\"><\/polygon>\n        <\/svg>\n                  <!-- End Hexagon -->\n        <svg class=\"svg-triangle-dotted svg-tri-4\"  >\n          <polygon class=\"triangle-div\" points=\"2 220,254 220,128 0\"><\/polygon>\n        <\/svg>\n        <!-- End Triangle Dotted -->\n        <div class=\"triangle-img-warp tri4\">\n          <img decoding=\"async\" src=\"https:\/\/uclerdekorasyon.com\/wp-content\/uploads\/2025\/01\/UclerDekorasyon-19.jpg\" class=\"img-responsive\" alt=\"Image\">\n        <\/div>\n      <\/div>\n    <\/div>  \n    [\/vc_column][\/vc_row][vc_row css=&#8221;.vc_custom_1479723651176{background-color: #f5f5f5 !important;}&#8221; el_class=&#8221;padding&#8221;][vc_column]\n  <h2 class= \"title\" style=\"\" > MARKA ORTAKLARIMIZ<\/h2> \n\n    <div class=\"divider divider-1\" >\n      <svg class=\"svg-triangle-icon-container\">\n        <polygon class=\"svg-triangle-icon\" points=\"6 11,12 0,0 0\"><\/polygon>\n      <\/svg>\n    <\/div>\n[\/vc_column][vc_column]    <div class=\"owl-partner-warp\" >\n      <div class=\"customNavigation\">\n        <a class=\"btn prev-partners\"><i class=\"fa fa-angle-left\"><\/i><\/a>\n        <a class=\"btn next-partners\"><i class=\"fa fa-angle-right\"><\/i><\/a>\n      <\/div><!-- End owl button -->\n\n      <div id=\"owl-partners\" class=\"owl-carousel owl-theme owl-partners clearfix\">\n                                 \n              <div class=\"item\"><img decoding=\"async\" src=\"\" alt=\"\" class=\"img-responsive\"><\/div>\n                            <\/div> \n    <\/div>\n\n  [\/vc_column][\/vc_row]<\/p>\n<\/div>","protected":false},"excerpt":{"rendered":"<p>[vc_row][vc_column][rev_slider_vc alias=&#8221;slider2&#8243; el_class=&#8221;slider_h1&#8243;][\/vc_column][\/vc_row][vc_row el_class=&#8221;padding&#8221;][vc_column][\/vc_column][vc_column][\/vc_column][\/vc_row][vc_row fullwidth=&#8221;yes&#8221;][vc_column][vc_row_inner css=&#8221;.vc_custom_1481529244901{margin-right: 0px !important;margin-left: 0px !important;}&#8221;][vc_column_inner width=&#8221;1\/3&#8243; css=&#8221;.vc_custom_1481528536387{padding-right: 0px !important;padding-left: 0px !important;}&#8221;][\/vc_column_inner][vc_column_inner width=&#8221;1\/3&#8243; css=&#8221;.vc_custom_1481528563017{padding-right: 0px !important;padding-left: 0px !important;}&#8221;][\/vc_column_inner][vc_column_inner width=&#8221;1\/3&#8243; css=&#8221;.vc_custom_1481528577852{padding-right: 0px !important;padding-left: 0px !important;}&#8221;][\/vc_column_inner][\/vc_row_inner][\/vc_column][\/vc_row][vc_row el_class=&#8221;padding&#8221;][vc_column][\/vc_column][vc_column el_class=&#8221;chooseus-container text-center&#8221; css=&#8221;.vc_custom_1480473688032{padding-right: 0px !important;padding-left: 0px !important;}&#8221;][\/vc_column][\/vc_row][vc_row css=&#8221;.vc_custom_1479723651176{background-color: #f5f5f5 !important;}&#8221; el_class=&#8221;padding&#8221;][vc_column][\/vc_column][vc_column][\/vc_column][\/vc_row]<\/p>\n","protected":false},"author":1,"featured_media":0,"parent":0,"menu_order":0,"comment_status":"closed","ping_status":"closed","template":"page-templates\/template-canvas.php","meta":{"footnotes":""},"class_list":["post-1237","page","type-page","status-publish","hentry"],"_links":{"self":[{"href":"https:\/\/uclerdekorasyon.com\/index.php\/wp-json\/wp\/v2\/pages\/1237","targetHints":{"allow":["GET"]}}],"collection":[{"href":"https:\/\/uclerdekorasyon.com\/index.php\/wp-json\/wp\/v2\/pages"}],"about":[{"href":"https:\/\/uclerdekorasyon.com\/index.php\/wp-json\/wp\/v2\/types\/page"}],"author":[{"embeddable":true,"href":"https:\/\/uclerdekorasyon.com\/index.php\/wp-json\/wp\/v2\/users\/1"}],"replies":[{"embeddable":true,"href":"https:\/\/uclerdekorasyon.com\/index.php\/wp-json\/wp\/v2\/comments?post=1237"}],"version-history":[{"count":13,"href":"https:\/\/uclerdekorasyon.com\/index.php\/wp-json\/wp\/v2\/pages\/1237\/revisions"}],"predecessor-version":[{"id":1597,"href":"https:\/\/uclerdekorasyon.com\/index.php\/wp-json\/wp\/v2\/pages\/1237\/revisions\/1597"}],"wp:attachment":[{"href":"https:\/\/uclerdekorasyon.com\/index.php\/wp-json\/wp\/v2\/media?parent=1237"}],"curies":[{"name":"wp","href":"https:\/\/api.w.org\/{rel}","templated":true}]}}